{"id":12137,"date":"2024-05-23T20:33:37","date_gmt":"2024-05-23T20:33:37","guid":{"rendered":"https:\/\/ppaf.pl\/?page_id=12137"},"modified":"2024-12-04T15:20:57","modified_gmt":"2024-12-04T15:20:57","slug":"program-2024-pl","status":"publish","type":"page","link":"https:\/\/ppaf.pl\/index.php\/program-2024-pl\/","title":{"rendered":"PROGRAM 2024 PL"},"content":{"rendered":"\t\t<div data-elementor-type=\"wp-page\" data-elementor-id=\"12137\" class=\"elementor elementor-12137\">\n\t\t\t\t\t\t<section class=\"elementor-section elementor-top-section elementor-element elementor-element-77edf4b elementor-section-boxed elementor-section-height-default elementor-section-height-default\" data-id=\"77edf4b\" data-element_type=\"section\">\n\t\t\t\t\t\t<div class=\"elementor-container elementor-column-gap-default\">\n\t\t\t\t\t<div class=\"elementor-column elementor-col-100 elementor-top-column elementor-element elementor-element-06c8956\" data-id=\"06c8956\" data-element_type=\"column\">\n\t\t\t<div class=\"elementor-widget-wrap elementor-element-populated\">\n\t\t\t\t\t\t<div class=\"elementor-element elementor-element-48e58a2 elementor-widget elementor-widget-spacer\" data-id=\"48e58a2\" data-element_type=\"widget\" data-widget_type=\"spacer.default\">\n\t\t\t\t<div class=\"elementor-widget-container\">\n\t\t\t<style>\/*! elementor - v3.21.0 - 15-04-2024 *\/\n.elementor-column .elementor-spacer-inner{height:var(--spacer-size)}.e-con{--container-widget-width:100%}.e-con-inner>.elementor-widget-spacer,.e-con>.elementor-widget-spacer{width:var(--container-widget-width,var(--spacer-size));--align-self:var(--container-widget-align-self,initial);--flex-shrink:0}.e-con-inner>.elementor-widget-spacer>.elementor-widget-container,.e-con>.elementor-widget-spacer>.elementor-widget-container{height:100%;width:100%}.e-con-inner>.elementor-widget-spacer>.elementor-widget-container>.elementor-spacer,.e-con>.elementor-widget-spacer>.elementor-widget-container>.elementor-spacer{height:100%}.e-con-inner>.elementor-widget-spacer>.elementor-widget-container>.elementor-spacer>.elementor-spacer-inner,.e-con>.elementor-widget-spacer>.elementor-widget-container>.elementor-spacer>.elementor-spacer-inner{height:var(--container-widget-height,var(--spacer-size))}.e-con-inner>.elementor-widget-spacer.elementor-widget-empty,.e-con>.elementor-widget-spacer.elementor-widget-empty{position:relative;min-height:22px;min-width:22px}.e-con-inner>.elementor-widget-spacer.elementor-widget-empty .elementor-widget-empty-icon,.e-con>.elementor-widget-spacer.elementor-widget-empty .elementor-widget-empty-icon{position:absolute;top:0;bottom:0;left:0;right:0;margin:auto;padding:0;width:22px;height:22px}<\/style>\t\t<div class=\"elementor-spacer\">\n\t\t\t<div class=\"elementor-spacer-inner\"><\/div>\n\t\t<\/div>\n\t\t\t\t<\/div>\n\t\t\t\t<\/div>\n\t\t\t\t\t<\/div>\n\t\t<\/div>\n\t\t\t\t\t<\/div>\n\t\t<\/section>\n\t\t\t\t<section class=\"elementor-section elementor-top-section elementor-element elementor-element-8dc71b8 elementor-section-boxed elementor-section-height-default elementor-section-height-default\" data-id=\"8dc71b8\" data-element_type=\"section\">\n\t\t\t\t\t\t<div class=\"elementor-container elementor-column-gap-default\">\n\t\t\t\t\t<div class=\"elementor-column elementor-col-50 elementor-top-column elementor-element elementor-element-07edc3b\" data-id=\"07edc3b\" data-element_type=\"column\">\n\t\t\t<div class=\"elementor-widget-wrap\">\n\t\t\t\t\t\t\t<\/div>\n\t\t<\/div>\n\t\t\t\t<div class=\"elementor-column elementor-col-50 elementor-top-column elementor-element elementor-element-bfb9b60\" data-id=\"bfb9b60\" data-element_type=\"column\">\n\t\t\t<div class=\"elementor-widget-wrap elementor-element-populated\">\n\t\t\t\t\t\t<div class=\"elementor-element elementor-element-25fc902 elementor-hidden-widescreen elementor-hidden-desktop elementor-hidden-tablet_extra elementor-hidden-tablet elementor-hidden-mobile elementor-widget elementor-widget-heading\" data-id=\"25fc902\" data-element_type=\"widget\" data-widget_type=\"heading.default\">\n\t\t\t\t<div class=\"elementor-widget-container\">\n\t\t\t<style>\/*! elementor - v3.21.0 - 15-04-2024 *\/\n.elementor-heading-title{padding:0;margin:0;line-height:1}.elementor-widget-heading .elementor-heading-title[class*=elementor-size-]>a{color:inherit;font-size:inherit;line-height:inherit}.elementor-widget-heading .elementor-heading-title.elementor-size-small{font-size:15px}.elementor-widget-heading .elementor-heading-title.elementor-size-medium{font-size:19px}.elementor-widget-heading .elementor-heading-title.elementor-size-large{font-size:29px}.elementor-widget-heading .elementor-heading-title.elementor-size-xl{font-size:39px}.elementor-widget-heading .elementor-heading-title.elementor-size-xxl{font-size:59px}<\/style><h2 class=\"elementor-heading-title elementor-size-default\">Regulamin \u015bwiadczenia us\u0142ug drog\u0105 elektroniczn\u0105 w serwisie www.ppfw.pl<\/h2>\t\t<\/div>\n\t\t\t\t<\/div>\n\t\t\t\t<div class=\"elementor-element elementor-element-1a7c9b4 elementor-widget elementor-widget-heading\" data-id=\"1a7c9b4\" data-element_type=\"widget\" data-widget_type=\"heading.default\">\n\t\t\t\t<div class=\"elementor-widget-container\">\n\t\t\t<h1 class=\"elementor-heading-title elementor-size-default\">PROGRAM PPAF 2024<\/h1>\t\t<\/div>\n\t\t\t\t<\/div>\n\t\t\t\t<div class=\"elementor-element elementor-element-a62cae0 elementor-align-center elementor-mobile-align-center elementor-hidden-widescreen elementor-hidden-desktop elementor-hidden-tablet_extra elementor-hidden-tablet elementor-widget elementor-widget-button\" data-id=\"a62cae0\" data-element_type=\"widget\" data-widget_type=\"button.default\">\n\t\t\t\t<div class=\"elementor-widget-container\">\n\t\t\t\t\t<div class=\"elementor-button-wrapper\">\n\t\t\t<a class=\"elementor-button elementor-button-link elementor-size-sm elementor-animation-sink\" href=\"https:\/\/ppaf.pl\/index.php\/program-pl-ppaf-2024-5-06-sroda\">\n\t\t\t\t\t\t<span class=\"elementor-button-content-wrapper\">\n\t\t\t\t\t\t<span class=\"elementor-button-icon elementor-align-icon-right\">\n\t\t\t\t<i aria-hidden=\"true\" class=\"fas fa-arrow-right\"><\/i>\t\t\t<\/span>\n\t\t\t\t\t\t\t\t<\/span>\n\t\t\t\t\t<\/a>\n\t\t<\/div>\n\t\t\t\t<\/div>\n\t\t\t\t<\/div>\n\t\t\t\t<div class=\"elementor-element elementor-element-12bdb50 elementor-widget-divider--view-line elementor-widget elementor-widget-divider\" data-id=\"12bdb50\" data-element_type=\"widget\" data-widget_type=\"divider.default\">\n\t\t\t\t<div class=\"elementor-widget-container\">\n\t\t\t<style>\/*! elementor - v3.21.0 - 15-04-2024 *\/\n.elementor-widget-divider{--divider-border-style:none;--divider-border-width:1px;--divider-color:#0c0d0e;--divider-icon-size:20px;--divider-element-spacing:10px;--divider-pattern-height:24px;--divider-pattern-size:20px;--divider-pattern-url:none;--divider-pattern-repeat:repeat-x}.elementor-widget-divider .elementor-divider{display:flex}.elementor-widget-divider .elementor-divider__text{font-size:15px;line-height:1;max-width:95%}.elementor-widget-divider .elementor-divider__element{margin:0 var(--divider-element-spacing);flex-shrink:0}.elementor-widget-divider .elementor-icon{font-size:var(--divider-icon-size)}.elementor-widget-divider .elementor-divider-separator{display:flex;margin:0;direction:ltr}.elementor-widget-divider--view-line_icon .elementor-divider-separator,.elementor-widget-divider--view-line_text .elementor-divider-separator{align-items:center}.elementor-widget-divider--view-line_icon .elementor-divider-separator:after,.elementor-widget-divider--view-line_icon .elementor-divider-separator:before,.elementor-widget-divider--view-line_text .elementor-divider-separator:after,.elementor-widget-divider--view-line_text .elementor-divider-separator:before{display:block;content:\"\";border-block-end:0;flex-grow:1;border-block-start:var(--divider-border-width) var(--divider-border-style) var(--divider-color)}.elementor-widget-divider--element-align-left .elementor-divider .elementor-divider-separator>.elementor-divider__svg:first-of-type{flex-grow:0;flex-shrink:100}.elementor-widget-divider--element-align-left .elementor-divider-separator:before{content:none}.elementor-widget-divider--element-align-left .elementor-divider__element{margin-left:0}.elementor-widget-divider--element-align-right .elementor-divider .elementor-divider-separator>.elementor-divider__svg:last-of-type{flex-grow:0;flex-shrink:100}.elementor-widget-divider--element-align-right .elementor-divider-separator:after{content:none}.elementor-widget-divider--element-align-right .elementor-divider__element{margin-right:0}.elementor-widget-divider--element-align-start .elementor-divider .elementor-divider-separator>.elementor-divider__svg:first-of-type{flex-grow:0;flex-shrink:100}.elementor-widget-divider--element-align-start .elementor-divider-separator:before{content:none}.elementor-widget-divider--element-align-start .elementor-divider__element{margin-inline-start:0}.elementor-widget-divider--element-align-end .elementor-divider .elementor-divider-separator>.elementor-divider__svg:last-of-type{flex-grow:0;flex-shrink:100}.elementor-widget-divider--element-align-end .elementor-divider-separator:after{content:none}.elementor-widget-divider--element-align-end .elementor-divider__element{margin-inline-end:0}.elementor-widget-divider:not(.elementor-widget-divider--view-line_text):not(.elementor-widget-divider--view-line_icon) .elementor-divider-separator{border-block-start:var(--divider-border-width) var(--divider-border-style) var(--divider-color)}.elementor-widget-divider--separator-type-pattern{--divider-border-style:none}.elementor-widget-divider--separator-type-pattern.elementor-widget-divider--view-line .elementor-divider-separator,.elementor-widget-divider--separator-type-pattern:not(.elementor-widget-divider--view-line) .elementor-divider-separator:after,.elementor-widget-divider--separator-type-pattern:not(.elementor-widget-divider--view-line) .elementor-divider-separator:before,.elementor-widget-divider--separator-type-pattern:not([class*=elementor-widget-divider--view]) .elementor-divider-separator{width:100%;min-height:var(--divider-pattern-height);-webkit-mask-size:var(--divider-pattern-size) 100%;mask-size:var(--divider-pattern-size) 100%;-webkit-mask-repeat:var(--divider-pattern-repeat);mask-repeat:var(--divider-pattern-repeat);background-color:var(--divider-color);-webkit-mask-image:var(--divider-pattern-url);mask-image:var(--divider-pattern-url)}.elementor-widget-divider--no-spacing{--divider-pattern-size:auto}.elementor-widget-divider--bg-round{--divider-pattern-repeat:round}.rtl .elementor-widget-divider .elementor-divider__text{direction:rtl}.e-con-inner>.elementor-widget-divider,.e-con>.elementor-widget-divider{width:var(--container-widget-width,100%);--flex-grow:var(--container-widget-flex-grow)}<\/style>\t\t<div class=\"elementor-divider\">\n\t\t\t<span class=\"elementor-divider-separator\">\n\t\t\t\t\t\t<\/span>\n\t\t<\/div>\n\t\t\t\t<\/div>\n\t\t\t\t<\/div>\n\t\t\t\t<div class=\"elementor-element elementor-element-47f81d2 elementor-widget elementor-widget-text-editor\" data-id=\"47f81d2\" data-element_type=\"widget\" data-widget_type=\"text-editor.default\">\n\t\t\t\t<div class=\"elementor-widget-container\">\n\t\t\t<style>\/*! elementor - v3.21.0 - 15-04-2024 *\/\n.elementor-widget-text-editor.elementor-drop-cap-view-stacked .elementor-drop-cap{background-color:#69727d;color:#fff}.elementor-widget-text-editor.elementor-drop-cap-view-framed .elementor-drop-cap{color:#69727d;border:3px solid;background-color:transparent}.elementor-widget-text-editor:not(.elementor-drop-cap-view-default) .elementor-drop-cap{margin-top:8px}.elementor-widget-text-editor:not(.elementor-drop-cap-view-default) .elementor-drop-cap-letter{width:1em;height:1em}.elementor-widget-text-editor .elementor-drop-cap{float:left;text-align:center;line-height:1;font-size:50px}.elementor-widget-text-editor .elementor-drop-cap-letter{display:inline-block}<\/style>\t\t\t\t<p>Polityczna opresja i formatowana seksualno\u015b\u0107 kontra przyjemno\u015b\u0107, widzialno\u015b\u0107 i rebelianckie strategie oporu.<\/p><p><strong>W ramach PPAF pokaza\u0142y\u015bmy i pokazali\u015bmy ponad 200 film\u00f3w podzielonych na tematyczne pola zainteresowa\u0144. Istotn\u0105 cz\u0119\u015bci\u0105 s\u0105 filmy i zestawy szort\u00f3w przygotowane przez zaproszone osoby kuratorskie:<\/strong><\/p><ul><li>Selekcja \u201e Dziedzictwo oporu\u201d przypominaj\u0105ca istotne dla kultury queer i postporn filmy pe\u0142nometra\u017cowe przygotowana przez Jurgena Bruninga i Waltera Crasshole z Pornfilmfestiwal Berlin.<\/li><li>Selekcje Nicoli Rios orbituj\u0105ce wok\u00f3\u0142 sztuki postporn z Ameryki Po\u0142udniowej: \u201eRytualny przep\u0142yw: nowe chilijskie porno powraca do Warszawy\u201d, \u201eKrytyczne pornografie z Abya Yala\u201d.<\/li><li>Selekcja Marii Riot, Ornelii Bodratto i Nicoli Rios \u201eSluts on screen\u201d dekolonizuj\u0105ca strategie pracy seksualnej.<\/li><li>Selekcja\u00a0JorgeTheObscene i Nicoli Rios \u201eThis is (not) gay porn\u201d pokazuj\u0105ca subersywne spojrzenie na gejowskie postporno.<\/li><li>Selekcja\u00a0JorgeTheObscene\u00a0 \u201eFilmopornograficzne inspiracje\u201d.<\/li><li>Selekcja Menalasa Siafakasa \u201eBest of Greek porn\u201d prezentuj\u0105ca wybrane filmy greckie.<\/li><\/ul><p>Pozosta\u0142a cz\u0119\u015b\u0107 programu zosta\u0142a przygotowana przez Ag\u0119 Szreder i Rafa\u0142a \u017bwirka.<\/p><p><strong>Je\u017celi uwa\u017casz, \u017ce Twoje cia\u0142o nale\u017cy do Ciebie \u2013 to jest to Tw<\/strong><strong>\u00f3<\/strong><strong>j festiwal!!!<\/strong><\/p><p>Wszystkie filmy wy\u015bwietlane s\u0105 z angielskimi i polskimi napisami.<\/p><p>Wydarzenie 18+<\/p><p>\u00a0<\/p><div aria-hidden=\"true\"><b style=\"font-size: 26px;\">PPAF 2024 team:<\/b><\/div><p>JorgeTheObscene<br style=\"--bdt-inverse: initial;\" \/>\u2028Kaja Ja\u0142oza\u2028<br style=\"--bdt-inverse: initial;\" \/>Aga Szreder\u2028<br style=\"--bdt-inverse: initial;\" \/>Micha\u0142 Tomaszewski\u2028<br style=\"--bdt-inverse: initial;\" \/>Rafa\u0142 \u017bwirek<br style=\"--bdt-inverse: initial;\" \/><br style=\"--bdt-inverse: initial;\" \/>Warsztaty \/ panele: Julia Bilarzewska, Klaudia Grzyb, Maja Jak\u00f3bczyk, Magda Trybu\u015b \u2028<br style=\"--bdt-inverse: initial;\" \/>Kolektyw Radykalna Troska: Ada Bojarska, Zuza Muczko, Sofia Wasilenko, Katie Lee Weille<br style=\"--bdt-inverse: initial;\" \/>Wolontariat: Lena<br style=\"--bdt-inverse: initial;\" \/>Akredytacje: Lars Kolloros<br style=\"--bdt-inverse: initial;\" \/>SM podczas trwania PPAF: Mariia Lemperk<br style=\"--bdt-inverse: initial;\" \/>Fotograf PPAF\u201924: Kopa<br style=\"--bdt-inverse: initial;\" \/><br style=\"--bdt-inverse: initial;\" \/><\/p><p><b style=\"--bdt-inverse: initial;\">Osoby go\u015bcinnie kuratoruj\u0105ce 2024:\u00a0<br style=\"--bdt-inverse: initial;\" \/><\/b>Jurgen Bruning\u00a0<br style=\"--bdt-inverse: initial;\" \/>\u2028Ornelia Bodratto<br style=\"--bdt-inverse: initial;\" \/>Walter Crasshole<br style=\"--bdt-inverse: initial;\" \/>Nikola Rios<br style=\"--bdt-inverse: initial;\" \/>\u2028Maria Riot<br style=\"--bdt-inverse: initial;\" \/>\u2028Menalas Siafakas<\/p>\t\t\t\t\t\t<\/div>\n\t\t\t\t<\/div>\n\t\t\t\t<div class=\"elementor-element elementor-element-4bb473e elementor-align-center elementor-mobile-align-center elementor-hidden-mobile elementor-widget elementor-widget-button\" data-id=\"4bb473e\" data-element_type=\"widget\" data-widget_type=\"button.default\">\n\t\t\t\t<div class=\"elementor-widget-container\">\n\t\t\t\t\t<div class=\"elementor-button-wrapper\">\n\t\t\t<a class=\"elementor-button elementor-button-link elementor-size-sm elementor-animation-sink\" href=\"https:\/\/ppaf.pl\/index.php\/program-pl-ppaf-2024-5-06-sroda\">\n\t\t\t\t\t\t<span class=\"elementor-button-content-wrapper\">\n\t\t\t\t\t\t<span class=\"elementor-button-icon elementor-align-icon-right\">\n\t\t\t\t<i aria-hidden=\"true\" class=\"fas fa-arrow-right\"><\/i>\t\t\t<\/span>\n\t\t\t\t\t\t\t\t\t<span class=\"elementor-button-text\">ZOBACZ PROGRAM<\/span>\n\t\t\t\t\t<\/span>\n\t\t\t\t\t<\/a>\n\t\t<\/div>\n\t\t\t\t<\/div>\n\t\t\t\t<\/div>\n\t\t\t\t\t<\/div>\n\t\t<\/div>\n\t\t\t\t\t<\/div>\n\t\t<\/section>\n\t\t\t\t<\/div>\n\t\t","protected":false},"excerpt":{"rendered":"<p>Regulamin \u015bwiadczenia us\u0142ug drog\u0105 elektroniczn\u0105 w serwisie www.ppfw.pl PROGRAM PPAF 2024 Polityczna opresja i formatowana seksualno\u015b\u0107 kontra przyjemno\u015b\u0107, widzialno\u015b\u0107 i rebelianckie strategie oporu. W ramach PPAF pokaza\u0142y\u015bmy i pokazali\u015bmy ponad 200 film\u00f3w podzielonych na tematyczne pola zainteresowa\u0144. Istotn\u0105 cz\u0119\u015bci\u0105 s\u0105 filmy i zestawy szort\u00f3w przygotowane przez zaproszone osoby kuratorskie: Selekcja \u201e Dziedzictwo oporu\u201d przypominaj\u0105ca istotne [&hellip;]<\/p>\n","protected":false},"author":4,"featured_media":0,"parent":0,"menu_order":0,"comment_status":"closed","ping_status":"closed","template":"","meta":{"footnotes":""},"aioseo_notices":[],"_links":{"self":[{"href":"https:\/\/ppaf.pl\/index.php\/wp-json\/wp\/v2\/pages\/12137"}],"collection":[{"href":"https:\/\/ppaf.pl\/index.php\/wp-json\/wp\/v2\/pages"}],"about":[{"href":"https:\/\/ppaf.pl\/index.php\/wp-json\/wp\/v2\/types\/page"}],"author":[{"embeddable":true,"href":"https:\/\/ppaf.pl\/index.php\/wp-json\/wp\/v2\/users\/4"}],"replies":[{"embeddable":true,"href":"https:\/\/ppaf.pl\/index.php\/wp-json\/wp\/v2\/comments?post=12137"}],"version-history":[{"count":73,"href":"https:\/\/ppaf.pl\/index.php\/wp-json\/wp\/v2\/pages\/12137\/revisions"}],"predecessor-version":[{"id":15274,"href":"https:\/\/ppaf.pl\/index.php\/wp-json\/wp\/v2\/pages\/12137\/revisions\/15274"}],"wp:attachment":[{"href":"https:\/\/ppaf.pl\/index.php\/wp-json\/wp\/v2\/media?parent=12137"}],"curies":[{"name":"wp","href":"https:\/\/api.w.org\/{rel}","templated":true}]}}