{"id":12669,"date":"2024-05-24T21:14:20","date_gmt":"2024-05-24T21:14:20","guid":{"rendered":"https:\/\/ppaf.pl\/?page_id=12669"},"modified":"2024-06-04T21:09:58","modified_gmt":"2024-06-04T21:09:58","slug":"blok-2024-eng-cinematopornographic-inspirations","status":"publish","type":"page","link":"https:\/\/ppaf.pl\/index.php\/blok-2024-eng-cinematopornographic-inspirations\/","title":{"rendered":"blok 2024 ENG CINEMATOPORNOGRAPHIC INSPIRATIONS"},"content":{"rendered":"\t\t<div data-elementor-type=\"wp-page\" data-elementor-id=\"12669\" class=\"elementor elementor-12669\">\n\t\t\t\t\t\t<section class=\"elementor-section elementor-top-section elementor-element elementor-element-8ca1a3d elementor-section-boxed elementor-section-height-default elementor-section-height-default\" data-id=\"8ca1a3d\" data-element_type=\"section\">\n\t\t\t\t\t\t<div class=\"elementor-container elementor-column-gap-default\">\n\t\t\t\t\t<div class=\"elementor-column elementor-col-50 elementor-top-column elementor-element elementor-element-7c637cc\" data-id=\"7c637cc\" data-element_type=\"column\">\n\t\t\t<div class=\"elementor-widget-wrap\">\n\t\t\t\t\t\t\t<\/div>\n\t\t<\/div>\n\t\t\t\t<div class=\"elementor-column elementor-col-50 elementor-top-column elementor-element elementor-element-fdf01f8\" data-id=\"fdf01f8\" data-element_type=\"column\">\n\t\t\t<div class=\"elementor-widget-wrap elementor-element-populated\">\n\t\t\t\t\t\t<div class=\"elementor-element elementor-element-f1275a7 elementor-align-right elementor-mobile-align-right elementor-widget elementor-widget-button\" data-id=\"f1275a7\" data-element_type=\"widget\" data-widget_type=\"button.default\">\n\t\t\t\t<div class=\"elementor-widget-container\">\n\t\t\t\t\t<div class=\"elementor-button-wrapper\">\n\t\t\t<a class=\"elementor-button elementor-button-link elementor-size-sm\" href=\"https:\/\/maps.app.goo.gl\/k73zyEQjy7zoUqNs9\" target=\"_blank\">\n\t\t\t\t\t\t<span class=\"elementor-button-content-wrapper\">\n\t\t\t\t\t\t<span class=\"elementor-button-icon elementor-align-icon-right\">\n\t\t\t\t<i aria-hidden=\"true\" class=\"fas fa-map-marker-alt\"><\/i>\t\t\t<\/span>\n\t\t\t\t\t\t\t\t\t<span class=\"elementor-button-text\">Kinoteka<\/span>\n\t\t\t\t\t<\/span>\n\t\t\t\t\t<\/a>\n\t\t<\/div>\n\t\t\t\t<\/div>\n\t\t\t\t<\/div>\n\t\t\t\t<div class=\"elementor-element elementor-element-3578bed elementor-hidden-mobile elementor-widget__width-initial elementor-widget-divider--view-line elementor-widget elementor-widget-divider\" data-id=\"3578bed\" data-element_type=\"widget\" data-widget_type=\"divider.default\">\n\t\t\t\t<div class=\"elementor-widget-container\">\n\t\t\t<style>\/*! elementor - v3.21.0 - 15-04-2024 *\/\n.elementor-widget-divider{--divider-border-style:none;--divider-border-width:1px;--divider-color:#0c0d0e;--divider-icon-size:20px;--divider-element-spacing:10px;--divider-pattern-height:24px;--divider-pattern-size:20px;--divider-pattern-url:none;--divider-pattern-repeat:repeat-x}.elementor-widget-divider .elementor-divider{display:flex}.elementor-widget-divider .elementor-divider__text{font-size:15px;line-height:1;max-width:95%}.elementor-widget-divider .elementor-divider__element{margin:0 var(--divider-element-spacing);flex-shrink:0}.elementor-widget-divider .elementor-icon{font-size:var(--divider-icon-size)}.elementor-widget-divider .elementor-divider-separator{display:flex;margin:0;direction:ltr}.elementor-widget-divider--view-line_icon .elementor-divider-separator,.elementor-widget-divider--view-line_text .elementor-divider-separator{align-items:center}.elementor-widget-divider--view-line_icon .elementor-divider-separator:after,.elementor-widget-divider--view-line_icon .elementor-divider-separator:before,.elementor-widget-divider--view-line_text .elementor-divider-separator:after,.elementor-widget-divider--view-line_text .elementor-divider-separator:before{display:block;content:\"\";border-block-end:0;flex-grow:1;border-block-start:var(--divider-border-width) var(--divider-border-style) var(--divider-color)}.elementor-widget-divider--element-align-left .elementor-divider .elementor-divider-separator>.elementor-divider__svg:first-of-type{flex-grow:0;flex-shrink:100}.elementor-widget-divider--element-align-left .elementor-divider-separator:before{content:none}.elementor-widget-divider--element-align-left .elementor-divider__element{margin-left:0}.elementor-widget-divider--element-align-right .elementor-divider .elementor-divider-separator>.elementor-divider__svg:last-of-type{flex-grow:0;flex-shrink:100}.elementor-widget-divider--element-align-right .elementor-divider-separator:after{content:none}.elementor-widget-divider--element-align-right .elementor-divider__element{margin-right:0}.elementor-widget-divider--element-align-start .elementor-divider .elementor-divider-separator>.elementor-divider__svg:first-of-type{flex-grow:0;flex-shrink:100}.elementor-widget-divider--element-align-start .elementor-divider-separator:before{content:none}.elementor-widget-divider--element-align-start .elementor-divider__element{margin-inline-start:0}.elementor-widget-divider--element-align-end .elementor-divider .elementor-divider-separator>.elementor-divider__svg:last-of-type{flex-grow:0;flex-shrink:100}.elementor-widget-divider--element-align-end .elementor-divider-separator:after{content:none}.elementor-widget-divider--element-align-end .elementor-divider__element{margin-inline-end:0}.elementor-widget-divider:not(.elementor-widget-divider--view-line_text):not(.elementor-widget-divider--view-line_icon) .elementor-divider-separator{border-block-start:var(--divider-border-width) var(--divider-border-style) var(--divider-color)}.elementor-widget-divider--separator-type-pattern{--divider-border-style:none}.elementor-widget-divider--separator-type-pattern.elementor-widget-divider--view-line .elementor-divider-separator,.elementor-widget-divider--separator-type-pattern:not(.elementor-widget-divider--view-line) .elementor-divider-separator:after,.elementor-widget-divider--separator-type-pattern:not(.elementor-widget-divider--view-line) .elementor-divider-separator:before,.elementor-widget-divider--separator-type-pattern:not([class*=elementor-widget-divider--view]) .elementor-divider-separator{width:100%;min-height:var(--divider-pattern-height);-webkit-mask-size:var(--divider-pattern-size) 100%;mask-size:var(--divider-pattern-size) 100%;-webkit-mask-repeat:var(--divider-pattern-repeat);mask-repeat:var(--divider-pattern-repeat);background-color:var(--divider-color);-webkit-mask-image:var(--divider-pattern-url);mask-image:var(--divider-pattern-url)}.elementor-widget-divider--no-spacing{--divider-pattern-size:auto}.elementor-widget-divider--bg-round{--divider-pattern-repeat:round}.rtl .elementor-widget-divider .elementor-divider__text{direction:rtl}.e-con-inner>.elementor-widget-divider,.e-con>.elementor-widget-divider{width:var(--container-widget-width,100%);--flex-grow:var(--container-widget-flex-grow)}<\/style>\t\t<div class=\"elementor-divider\">\n\t\t\t<span class=\"elementor-divider-separator\">\n\t\t\t\t\t\t<\/span>\n\t\t<\/div>\n\t\t\t\t<\/div>\n\t\t\t\t<\/div>\n\t\t\t\t\t<\/div>\n\t\t<\/div>\n\t\t\t\t\t<\/div>\n\t\t<\/section>\n\t\t\t\t<section class=\"elementor-section elementor-top-section elementor-element elementor-element-d925c9f elementor-section-boxed elementor-section-height-default elementor-section-height-default\" data-id=\"d925c9f\" data-element_type=\"section\">\n\t\t\t\t\t\t<div class=\"elementor-container elementor-column-gap-default\">\n\t\t\t\t\t<div class=\"elementor-column elementor-col-33 elementor-top-column elementor-element elementor-element-12b5d46\" data-id=\"12b5d46\" data-element_type=\"column\">\n\t\t\t<div class=\"elementor-widget-wrap\">\n\t\t\t\t\t\t\t<\/div>\n\t\t<\/div>\n\t\t\t\t<div class=\"elementor-column elementor-col-33 elementor-top-column elementor-element elementor-element-425594f\" data-id=\"425594f\" data-element_type=\"column\" data-settings=\"{&quot;background_background&quot;:&quot;classic&quot;}\">\n\t\t\t<div class=\"elementor-widget-wrap elementor-element-populated\">\n\t\t\t\t\t\t<div class=\"elementor-element elementor-element-8d7cb99 elementor-widget-tablet_extra__width-initial elementor-widget elementor-widget-heading\" data-id=\"8d7cb99\" data-element_type=\"widget\" data-widget_type=\"heading.default\">\n\t\t\t\t<div class=\"elementor-widget-container\">\n\t\t\t<style>\/*! elementor - v3.21.0 - 15-04-2024 *\/\n.elementor-heading-title{padding:0;margin:0;line-height:1}.elementor-widget-heading .elementor-heading-title[class*=elementor-size-]>a{color:inherit;font-size:inherit;line-height:inherit}.elementor-widget-heading .elementor-heading-title.elementor-size-small{font-size:15px}.elementor-widget-heading .elementor-heading-title.elementor-size-medium{font-size:19px}.elementor-widget-heading .elementor-heading-title.elementor-size-large{font-size:29px}.elementor-widget-heading .elementor-heading-title.elementor-size-xl{font-size:39px}.elementor-widget-heading .elementor-heading-title.elementor-size-xxl{font-size:59px}<\/style><h2 class=\"elementor-heading-title elementor-size-default\">CINEMATO-<br>\nPORNOGRAPHIC INSPIRATIONS <\/h2>\t\t<\/div>\n\t\t\t\t<\/div>\n\t\t\t\t<div class=\"elementor-element elementor-element-a0fbc60 elementor-widget-tablet_extra__width-initial elementor-widget elementor-widget-text-editor\" data-id=\"a0fbc60\" data-element_type=\"widget\" data-widget_type=\"text-editor.default\">\n\t\t\t\t<div class=\"elementor-widget-container\">\n\t\t\t<style>\/*! elementor - v3.21.0 - 15-04-2024 *\/\n.elementor-widget-text-editor.elementor-drop-cap-view-stacked .elementor-drop-cap{background-color:#69727d;color:#fff}.elementor-widget-text-editor.elementor-drop-cap-view-framed .elementor-drop-cap{color:#69727d;border:3px solid;background-color:transparent}.elementor-widget-text-editor:not(.elementor-drop-cap-view-default) .elementor-drop-cap{margin-top:8px}.elementor-widget-text-editor:not(.elementor-drop-cap-view-default) .elementor-drop-cap-letter{width:1em;height:1em}.elementor-widget-text-editor .elementor-drop-cap{float:left;text-align:center;line-height:1;font-size:50px}.elementor-widget-text-editor .elementor-drop-cap-letter{display:inline-block}<\/style>\t\t\t\t<div>\n<p>(short films program) 93\u2019<\/p>\n<p><strong>Curator: JorgeTheObscene<\/strong><\/p>\n<p>7\/06 Friday | 17:30 sala 2 ROZW\u00d3J<br>8\/06 Saturday | 23:30 sala 6 PRZYSZ\u0141O\u015a\u0106<br>9\/06 Sunday | 16:00 sala 5 HISTORIA<\/p>\n<\/div>\t\t\t\t\t\t<\/div>\n\t\t\t\t<\/div>\n\t\t\t\t\t<\/div>\n\t\t<\/div>\n\t\t\t\t<div class=\"elementor-column elementor-col-33 elementor-top-column elementor-element elementor-element-29524fb\" data-id=\"29524fb\" data-element_type=\"column\">\n\t\t\t<div class=\"elementor-widget-wrap elementor-element-populated\">\n\t\t\t\t\t\t<div class=\"elementor-element elementor-element-379f433 elementor-widget-tablet_extra__width-initial elementor-widget elementor-widget-image\" data-id=\"379f433\" data-element_type=\"widget\" data-widget_type=\"image.default\">\n\t\t\t\t<div class=\"elementor-widget-container\">\n\t\t\t<style>\/*! elementor - v3.21.0 - 15-04-2024 *\/\n.elementor-widget-image{text-align:center}.elementor-widget-image a{display:inline-block}.elementor-widget-image a img[src$=\".svg\"]{width:48px}.elementor-widget-image img{vertical-align:middle;display:inline-block}<\/style>\t\t\t\t\t\t\t\t\t\t<img fetchpriority=\"high\" decoding=\"async\" width=\"1280\" height=\"720\" src=\"https:\/\/ppaf.pl\/wp-content\/uploads\/2024\/05\/FILMOPORNOGRAFICZNE-INSPIRACJE.jpeg\" class=\"attachment-full size-full wp-image-11452\" alt=\"\" srcset=\"https:\/\/ppaf.pl\/wp-content\/uploads\/2024\/05\/FILMOPORNOGRAFICZNE-INSPIRACJE.jpeg 1280w, https:\/\/ppaf.pl\/wp-content\/uploads\/2024\/05\/FILMOPORNOGRAFICZNE-INSPIRACJE-300x169.jpeg 300w, https:\/\/ppaf.pl\/wp-content\/uploads\/2024\/05\/FILMOPORNOGRAFICZNE-INSPIRACJE-1024x576.jpeg 1024w, https:\/\/ppaf.pl\/wp-content\/uploads\/2024\/05\/FILMOPORNOGRAFICZNE-INSPIRACJE-768x432.jpeg 768w\" sizes=\"(max-width: 1280px) 100vw, 1280px\" \/>\t\t\t\t\t\t\t\t\t\t\t\t\t<\/div>\n\t\t\t\t<\/div>\n\t\t\t\t\t<\/div>\n\t\t<\/div>\n\t\t\t\t\t<\/div>\n\t\t<\/section>\n\t\t\t\t<section class=\"elementor-section elementor-top-section elementor-element elementor-element-25897ec elementor-section-boxed elementor-section-height-default elementor-section-height-default\" data-id=\"25897ec\" data-element_type=\"section\">\n\t\t\t\t\t\t<div class=\"elementor-container elementor-column-gap-default\">\n\t\t\t\t\t<div class=\"elementor-column elementor-col-50 elementor-top-column elementor-element elementor-element-85cbd30\" data-id=\"85cbd30\" data-element_type=\"column\">\n\t\t\t<div class=\"elementor-widget-wrap\">\n\t\t\t\t\t\t\t<\/div>\n\t\t<\/div>\n\t\t\t\t<div class=\"elementor-column elementor-col-50 elementor-top-column elementor-element elementor-element-02b80eb\" data-id=\"02b80eb\" data-element_type=\"column\">\n\t\t\t<div class=\"elementor-widget-wrap elementor-element-populated\">\n\t\t\t\t\t\t<div class=\"elementor-element elementor-element-7c84c61 elementor-widget__width-initial elementor-widget-divider--view-line elementor-widget elementor-widget-divider\" data-id=\"7c84c61\" data-element_type=\"widget\" data-widget_type=\"divider.default\">\n\t\t\t\t<div class=\"elementor-widget-container\">\n\t\t\t\t\t<div class=\"elementor-divider\">\n\t\t\t<span class=\"elementor-divider-separator\">\n\t\t\t\t\t\t<\/span>\n\t\t<\/div>\n\t\t\t\t<\/div>\n\t\t\t\t<\/div>\n\t\t\t\t<div class=\"elementor-element elementor-element-a5356ce elementor-widget elementor-widget-text-editor\" data-id=\"a5356ce\" data-element_type=\"widget\" data-widget_type=\"text-editor.default\">\n\t\t\t\t<div class=\"elementor-widget-container\">\n\t\t\t\t\t\t\t<p>When earlier this year Aga and Zwirek invited me to curate a Short Film Program at the PPAF in Warsaw, I was going through a dark moment. As they love to be different\u2014and they certainly are\u2014they wanted me as a \u201ccurator in focus\u201d; presenting a selection or works that somehow marked me, inspired me, and got me into the pornographic world. Of course I excitedly accepted; once again, porn became a guiding light in the sky of my gloomiest nights. <\/p><p>And how could I not accept? Two of my biggest passions in life are MOVIES and SEX\u2014when compulsively used for escaping reality, I call them addictions instead\u2014so when I began experiencing good films about sexuality, everything started making sense. In this program, I present a composition of films which create a portrait of my genetic makeup as an artist.<\/p><p>It was in PIX (2014) by Antonio Da Silva, where I had a first glimpse of the artistic-creative potential pornography has. I immediately contacted him to offer my-hairy-self for any idea he had; that same year, in his fiIm \u201cSolos\u201d, I made my debut in porn. Da Silva\u00b4s documentary approach to his work makes captivating, whilst remaining always sexually explicit and super-fucking-hot. Also around that time, in a somewhat similar docupornographic line, another film which got forever stuck in my mind was PUTITO by Leo Mena and Alvaro Puentes; being myself a sex-worker and originally from Chile, I particularly identified with the perspective on prostitution shared by Josecarlo Heriquez aka el Putito Chileno (the Chilean Slut-Boy).<\/p><p>In 2015, my (also Chilean) friend and partner-in-crime MariaBasura invited me to perform at the PornFilmFestival Berlin. For the first time, I attended porn short-film screenings, this was truly the beginning of my journey. Zolushka by Wes Hurley was so wacky, funny and romantic, it instantly became one of my all time favorites. The following year our pornovandalic docuseries \u201cFuck the Fascism\u201d by MariaBasura was premiered. She took me to the fun-porn category to watch Bang Van Band, a sassy and hilarious shortfilm by Minus is Valido\u2014her porn collective with Theo Meow and Naya\u2014with whom we would soon shoot \u201cPiedad\u201d, where I had my first leading role in a film. Those years were very influential for me; I met so many people and watched so much porn, that not only my vocation as a performer and pornographer suddenly became clear, but I also decided that as a filmmaker, humor would always play a fundamental part in my work.<\/p><p>Then the unexpected happened. At that point I was absolutely gay\u2014which I most probably still am\u2014however, a few films managed to break some of my mental structures and broaden my sexual life. I was seduced by the beauty of female body parts pressing against a glass in Crystal Clear by Max Disgrace; I felt represented by the intimate and sensual narration of Lina Bembe about sexual submission in Atrophy Portraits II by Four Chambers; and for the first time I got horny with bulky, trans and non-binary bodies and their kinky dynamics in FULL, by Aorta Films.\u00a0<\/p><p>The second protagonic role I played in a film was in Lemon Taste (2018), a cinematic gay-cruising erotic fantasy by Nicky Miller. That same year, another very different gay-cruising fantasy film was premiered: The Chemo Darkroom, a personal piece by Harvey Rabbit about recovering and re-discovering sexuality after going through cancer.<\/p><p>All these amazing films and talented filmmakers\u2014plus more than a few others\u2014were of great inspiration for making my directorial debut with \u201cThe MultiVerse in a MouthFuck\u201d. Then COVID came and I got invited to curate my first short film program for a festival, which we called THIS IS (NOT) GAY PORN, at Exc\u00e9ntrico Fest, in Chile. In my search for latin-american works, CYPORK DRONE by the argentinians Diego Stickar and Julian Merlo stood out, enticing me to explore things I never before felt attracted to\u2014some of which I soon after tried, and immensely enjoyed.<\/p><p>Finally, to close this film program I wanted to include something by Matt Lambert; since I was truly impressed by the cinematography and diversity in his work. His videoclip Moan Together was made in solidarity with sex workers in need of help during the pandemic, showing that porn can also be used as a tool for collaboration and support; because pornography is not inherently just something we jerk-off to\u2014porn is, has been and should be so much (fucking) more.<\/p>\t\t\t\t\t\t<\/div>\n\t\t\t\t<\/div>\n\t\t\t\t<div class=\"elementor-element elementor-element-96d0fbc elementor-widget__width-initial elementor-widget-divider--view-line elementor-widget elementor-widget-divider\" data-id=\"96d0fbc\" data-element_type=\"widget\" data-widget_type=\"divider.default\">\n\t\t\t\t<div class=\"elementor-widget-container\">\n\t\t\t\t\t<div class=\"elementor-divider\">\n\t\t\t<span class=\"elementor-divider-separator\">\n\t\t\t\t\t\t<\/span>\n\t\t<\/div>\n\t\t\t\t<\/div>\n\t\t\t\t<\/div>\n\t\t\t\t<div class=\"elementor-element elementor-element-e40f65a elementor-widget elementor-widget-text-editor\" data-id=\"e40f65a\" data-element_type=\"widget\" data-widget_type=\"text-editor.default\">\n\t\t\t\t<div class=\"elementor-widget-container\">\n\t\t\t\t\t\t\t<p>\u201e<strong>PIX<\/strong>\u201d<\/p><p>Antonio Da Silva<\/p><p>Portugal 2014, 3\u2019<\/p><p>\u00a0<\/p><p>\u201e<strong>PUTITO<\/strong>\u201d<\/p><p>Leo Mena + Alvaro Puentes<\/p><p>Chile 2014, 4\u2019<\/p><p>\u00a0<\/p><p>\u201e<strong>Zolushka<\/strong>\u201d<\/p><p>Wes Hurley<\/p><p>USA 2014, 7\u2019<\/p><p>\u00a0<\/p><p>\u201e<strong>Bang van Band<\/strong>\u201d<\/p><p>Minus is Valido<\/p><p>Germany 2016, 10\u2019<\/p><p>\u00a0<\/p><p>\u201e<strong>Crystal Clear<\/strong>\u201d<\/p><p>Max Disgrace<\/p><p>UK 2017, 4\u2019<\/p><p>\u00a0<\/p><p>\u201e<strong>Atrophy Portraits II<\/strong>\u201d<\/p><p>Four Chambers<\/p><p>UK 2018, 13\u2019<\/p><p>\u00a0<\/p><p>\u201e<strong>FULL<\/strong>\u201d<\/p><p>AORTA<\/p><p>USA 2018, 14\u2019<\/p><p>\u00a0<\/p><p>&#8220;<strong>Lemon taste<\/strong>\u201d<\/p><p>Nicky Miller<\/p><p>Germany 2018, 9\u2019<\/p><p>\u00a0<\/p><p>\u201e<strong>The Chemo Darkroom<\/strong>\u201d<\/p><p>Harvey Rabbit<\/p><p>Germany 2018, 17\u2019<\/p><p>\u00a0<\/p><p>\u201e<strong>CYPORK DRONE<\/strong>\u201d<\/p><p>Diego Stickar + Julian Merlo<\/p><p>Argentina 2020, 8\u2019<\/p><p>\u00a0<\/p><p>\u201e<strong>Moan Together<\/strong>&#8220;<\/p><p>Matt Lambert<\/p><p>USA 2020, 4\u2019<\/p>\t\t\t\t\t\t<\/div>\n\t\t\t\t<\/div>\n\t\t\t\t<div class=\"elementor-element elementor-element-10a8af4 elementor-align-center elementor-widget-tablet_extra__width-initial elementor-widget elementor-widget-button\" data-id=\"10a8af4\" data-element_type=\"widget\" data-widget_type=\"button.default\">\n\t\t\t\t<div class=\"elementor-widget-container\">\n\t\t\t\t\t<div class=\"elementor-button-wrapper\">\n\t\t\t<a class=\"elementor-button elementor-button-link elementor-size-sm elementor-animation-rotate\" href=\"https:\/\/kinoteka.pl\/film\/ppaf-filmopornograficzne-inspiracje-zestaw-shortow\/?date=2024-06-07\" target=\"_blank\">\n\t\t\t\t\t\t<span class=\"elementor-button-content-wrapper\">\n\t\t\t\t\t\t\t\t\t<span class=\"elementor-button-text\">BUY TICKETS<\/span>\n\t\t\t\t\t<\/span>\n\t\t\t\t\t<\/a>\n\t\t<\/div>\n\t\t\t\t<\/div>\n\t\t\t\t<\/div>\n\t\t\t\t\t<\/div>\n\t\t<\/div>\n\t\t\t\t\t<\/div>\n\t\t<\/section>\n\t\t\t\t<section class=\"elementor-section elementor-top-section elementor-element elementor-element-63ee4ed elementor-hidden-widescreen elementor-hidden-desktop elementor-hidden-tablet_extra elementor-hidden-tablet elementor-hidden-mobile elementor-section-boxed elementor-section-height-default elementor-section-height-default\" data-id=\"63ee4ed\" data-element_type=\"section\">\n\t\t\t\t\t\t<div class=\"elementor-container elementor-column-gap-default\">\n\t\t\t\t\t<div class=\"elementor-column elementor-col-50 elementor-top-column elementor-element elementor-element-65956e1\" data-id=\"65956e1\" data-element_type=\"column\">\n\t\t\t<div class=\"elementor-widget-wrap\">\n\t\t\t\t\t\t\t<\/div>\n\t\t<\/div>\n\t\t\t\t<div class=\"elementor-column elementor-col-50 elementor-top-column elementor-element elementor-element-6b725fd\" data-id=\"6b725fd\" data-element_type=\"column\">\n\t\t\t<div class=\"elementor-widget-wrap elementor-element-populated\">\n\t\t\t\t\t\t<div class=\"elementor-element elementor-element-d352a10 elementor-align-center elementor-widget elementor-widget-button\" data-id=\"d352a10\" data-element_type=\"widget\" data-widget_type=\"button.default\">\n\t\t\t\t<div class=\"elementor-widget-container\">\n\t\t\t\t\t<div class=\"elementor-button-wrapper\">\n\t\t\t<a class=\"elementor-button elementor-button-link elementor-size-xl\" href=\"https:\/\/kinomuranow.pl\/festiwale-i-przeglady\/post-pxrn-film-festival-warsaw-7-12-czerwca-2022\" target=\"_blank\">\n\t\t\t\t\t\t<span class=\"elementor-button-content-wrapper\">\n\t\t\t\t\t\t\t\t\t<span class=\"elementor-button-text\">KUP BILET<\/span>\n\t\t\t\t\t<\/span>\n\t\t\t\t\t<\/a>\n\t\t<\/div>\n\t\t\t\t<\/div>\n\t\t\t\t<\/div>\n\t\t\t\t\t<\/div>\n\t\t<\/div>\n\t\t\t\t\t<\/div>\n\t\t<\/section>\n\t\t\t\t<\/div>\n\t\t","protected":false},"excerpt":{"rendered":"<p>Kinoteka CINEMATO- PORNOGRAPHIC INSPIRATIONS (short films program) 93\u2019 Curator: JorgeTheObscene 7\/06 Friday | 17:30 sala 2 ROZW\u00d3J8\/06 Saturday | 23:30 sala 6 PRZYSZ\u0141O\u015a\u01069\/06 Sunday | 16:00 sala 5 HISTORIA When earlier this year Aga and Zwirek invited me to curate a Short Film Program at the PPAF in Warsaw, I was going through a dark [&hellip;]<\/p>\n","protected":false},"author":4,"featured_media":0,"parent":0,"menu_order":0,"comment_status":"closed","ping_status":"closed","template":"","meta":{"footnotes":""},"aioseo_notices":[],"_links":{"self":[{"href":"https:\/\/ppaf.pl\/index.php\/wp-json\/wp\/v2\/pages\/12669"}],"collection":[{"href":"https:\/\/ppaf.pl\/index.php\/wp-json\/wp\/v2\/pages"}],"about":[{"href":"https:\/\/ppaf.pl\/index.php\/wp-json\/wp\/v2\/types\/page"}],"author":[{"embeddable":true,"href":"https:\/\/ppaf.pl\/index.php\/wp-json\/wp\/v2\/users\/4"}],"replies":[{"embeddable":true,"href":"https:\/\/ppaf.pl\/index.php\/wp-json\/wp\/v2\/comments?post=12669"}],"version-history":[{"count":40,"href":"https:\/\/ppaf.pl\/index.php\/wp-json\/wp\/v2\/pages\/12669\/revisions"}],"predecessor-version":[{"id":14880,"href":"https:\/\/ppaf.pl\/index.php\/wp-json\/wp\/v2\/pages\/12669\/revisions\/14880"}],"wp:attachment":[{"href":"https:\/\/ppaf.pl\/index.php\/wp-json\/wp\/v2\/media?parent=12669"}],"curies":[{"name":"wp","href":"https:\/\/api.w.org\/{rel}","templated":true}]}}